t q be 165/6 - (-13)/26. What is the greatest common factor of q and 14?
14
Let g = -102 + 147. What is the greatest common factor of 5 and g?
5
Let p(a) = a**2 - 8*a + 2. Let k be p(7). Let o = k + 8. Calculate the highest common factor of 24 and o.
3
Suppose -280 = -5*d - 0*d. What is the greatest common factor of d and 42?
14
Suppose 3*l - 4*u - 10 = 0, 5*u = 4*l + l - 15. What is the greatest common divisor of l and 4?
2
Let c(v) = -v**2 - v + 11. Suppose -5*a + 20 = 3*w, 4*w + 8 = -a + 3*a. Let r be c(w). What is the highest common factor of r and 44?
11
Let q(n) = n - 1 - 2*n + 2*n**2 - 7*n - 2. Let l be q(6). Calculate the highest common factor of l and 7.
7
Suppose w = q - 4*w - 18, 2*w - 24 = -2*q. Calculate the highest common factor of 13 and q.
13
Let p be 383/7 + 2/7. Let f = -5 + p. Suppose 0 = -t - t + f. Calculate the highest common factor of t and 5.
5
Suppose 73 + 35 = 3*p. Let v(x) = x**2 - 5*x - 24. Let y be v(12). Let c = y - p. Calculate the highest common factor of 8 and c.
8
Let x(d) = -d**3 - 1 - d**2 - 2*d + 2 + 0*d - 2*d**2. Let k be x(-3). What is the highest common divisor of 7 and k?
7
Let z(o) = -2*o**3 - 5*o**2 + 5*o - 12. Let g be z(-5). Calculate the highest common factor of 22 and g.
22
Let t be (0/3)/(-1) - -1. Let f be t*(32 - (-9)/3). Calculate the greatest common divisor of 5 and f.
5
Suppose -70 = -3*c - 4*z, 3*c = -2*c + 5*z + 140. Calculate the highest common divisor of 13 and c.
13
Suppose 48 = 4*s - 2*s. Suppose -204 + s = -3*i. Suppose -b = -2 - 22. Calculate the greatest common factor of i and b.
12
Let g = 23 + -10. Calculate the greatest common factor of 78 and g.
13
Let g = 29 - 1. Calculate the highest common factor of g and 21.
7
Let t be ((-46)/8)/(15/(-120)). Calculate the greatest common divisor of 23 and t.
23
Let d = -2 + 2. Suppose d = 2*v + 2*v + 4. Let x be 10*18/(-4)*v. What is the greatest common divisor of 18 and x?
9
Let z = 475 - 331. What is the highest common factor of z and 16?
16
Let v be 5/(-25)*-8*10. What is the highest common factor of v and 4?
4
Suppose 12*m - 1097 = 631. Calculate the greatest common divisor of m and 16.
16
Let v(c) = c**2 - 7*c - 8. Let w be v(-5). What is the greatest common factor of w and 26?
26
Let n be 0 + (-1 - -3) + 35. Let l = 52 - n. Calculate the highest common divisor of 6 and l.
3
Let a(u) = u**3 + 3*u**2 - u + 2. Let z be a(-3). Calculate the greatest common factor of 45 and z.
5
Let u = 44 + -23. Suppose -7 = 2*d - 13. What is the highest common factor of d and u?
3
Suppose -4*c = -1 - 11. Suppose -d = c*d - 128. Let q = 4 + 0. What is the greatest common divisor of q and d?
4
Suppose 10 = 3*k + 2*k. Suppose -k*c - 24 = -60. Calculate the greatest common divisor of 90 and c.
18
Suppose 5*q - 118 = -h, 4*q - 94 = 2*h - 3*h. What is the highest common divisor of 60 and q?
12
Suppose -4*r = 5*r - 144. What is the greatest common divisor of 64 and r?
16
Let b(d) = d**3 + 4*d**2 - 5*d. Let s be b(4). Calculate the highest common divisor of s and 36.
36
Let j(p) be the first derivative of 19*p**4/4 + 2*p**3/3 + 2*p + 1. Let a = -19 - -21. Let d be j(a). What is the greatest common factor of d and 18?
18
Suppose 7*t - 17*t + 100 = 0. Let x = -9 + 19. What is the highest common factor of x and t?
10
Suppose 5*a = 3*g - 2 + 6, -3*g - 5*a = -16. Let s = 1 + g. Let l(d) = 3*d + 27. Let r be l(-7). Calculate the greatest common factor of s and r.
3
Let o be (0 + 7)*(-8)/(-14). Suppose -4*g - j + 35 = 0, 0 = g - o*g - 5*j + 5. What is the greatest common factor of g and 110?
10
Let u = -7 - -7. Suppose -4*c - 8 = -2*c, u = f + c + 1. Let i be (-107)/(-4) - (-1)/4. What is the highest common divisor of f and i?
3
Let h(s) = s**3 - 3*s**2 + 3*s + 1. Let o be h(3). Let a(t) = t**3 - 10*t**2 + 3*t - 12. Let y be a(o). Calculate the greatest common divisor of y and 2.
2
Let g = 4 - 4. Suppose -3*j + 5*f + 21 = 2*f, g = f + 3. Suppose -j*a + 16 = -2*k, 4*a + k = 4*k + 20. What is the highest common divisor of a and 2?
2
Suppose 3*s + 3*c = -0*s + 18, -4*c = -3*s + 11. Suppose -5*u + 122 = -w - 2*w, -u + w = -24. What is the greatest common factor of s and u?
5
Let j be (4 - -2)/((-4)/(-2)). Suppose 3*a = -j + 18. Let o(c) = c**3 - 3*c**2 - 8*c + 3. Let m be o(a). What is the highest common factor of m and 104?
13
Let x = 100 + -58. Let b(r) = r**3 - 10*r**2 + r - 7. Let m be b(10). Let f be -2*(m - 34/2). What is the greatest common factor of x and f?
14
Let l(i) = -35*i - 35. Let t be l(-12). What is the greatest common factor of 35 and t?
35
Let r(m) = -m**3 + 15*m**2 + 18*m - 28. Let k be r(16). Calculate the highest common factor of 4 and k.
4
Suppose b + f = 2 + 5, -5 = 5*b - 3*f. Let i be 30/25*10/b. What is the greatest common divisor of i and 12?
6
Let v = -31 + 39. Calculate the greatest common divisor of v and 4.
4
Let r(j) = j**3 + 7*j**2 - 20*j + 4. Let t be r(3). Let k be 10/(-1 - (-19)/17). Calculate the greatest common divisor of k and t.
17
Suppose 12 = 4*o - 12. Let h be 3/o*2 + 13. What is the greatest common factor of 2 and h?
2
Suppose -25 = 2*l + 3*r, 2 - 17 = l + 2*r. Let d = -8 - l. Let b = d - -51. Calculate the highest common factor of b and 32.
16
Let g = 73 - 60. Calculate the highest common factor of 208 and g.
13
Suppose -62 = 2*i - 6*i - t, 4*i - 2*t = 68. Calculate the greatest common divisor of 80 and i.
16
Suppose -2*p + 23 = -43. Calculate the highest common factor of 44 and p.
11
Let y(m) = 2*m - 1. Let x be y(1). Let i be 8*x/(-1)*-2. Let t be -4*(2/1 - 12). What is the greatest common divisor of i and t?
8
Suppose n - 3 - 27 = 0. Calculate the greatest common divisor of n and 270.
30
Let s = 27 + -11. Suppose -6 = 2*k - s. Suppose -3*t + 0*m + 4*m = -143, -4*m + 217 = k*t. What is the greatest common divisor of t and 18?
9
Let u = -37 + 61. Suppose -9*p + 1839 = 111. What is the highest common divisor of u and p?
24
Let p = -63 + 105. Let v = 73 - -32. Calculate the highest common factor of p and v.
21
Let t(v) = -46*v - 8. Let o be t(-4). Calculate the greatest common divisor of o and 16.
16
Suppose 2*d - 48 = -5*k, -5*d = 2*k + 3*k - 90. Calculate the highest common divisor of 21 and d.
7
Suppose 16 + 11 = j. Let g = 1 - -2. Calculate the highest common divisor of g and j.
3
Suppose 2*p = -5*h + 3, 5*h - p = -0*h + 6. Let r = 2 - h. Let b be ((-20)/6)/(4/(-6)). What is the highest common factor of b and r?
1
Suppose -4*b - 1 = -5*b + 2*d, b = -3*d - 4. Let t be -7 - (-1)/(-1)*b. Let m = t + 16. Calculate the highest common factor of 25 and m.
5
Let h = 125 - 75. Let o be h/4 - 9/6. Let i = -43 + 87. What is the highest common factor of i and o?
11
Let r = -24 + 4. Let y be r/(-6) - (-4)/6. Let w be (y/10)/(3/285). What is the highest common divisor of 19 and w?
19
Let j(i) = i**2 - 3*i + 1. Let s be j(4). Let u be (-40)/(-2)*s/10. What is the highest common divisor of 4 and u?
2
Suppose 2*n + 5*o - 13 = 20, 2*n = 2*o + 54. Let y = 48 + -33. Let v = y + -9. Calculate the highest common factor of v and n.
6
Suppose 2*h + 2*a - 16 = 3*a, -5*a = -4*h + 20. What is the greatest common divisor of h and 50?
10
Let w be (1 - 0)/((-2)/(-18)). Calculate the greatest common divisor of 1 and w.
1
Let t(f) = f**2 + f - 4. Let p be t(0). Let g = 18 + p. What is the highest common factor of 42 and g?
14
Let m(q) = q**2 + 2*q - 1. Let w be m(-3). Suppose w*c + 12 = -2*c. Let n be (-1)/(-2) + c/(-6). What is the greatest common divisor of 7 and n?
1
Suppose j + 2*z + 16 = 0, -32 + 112 = -5*j + 4*z. Let i be j/(-6) - 1/(-3). Calculate the highest common factor of 15 and i.
3
Let u = -123 - -222. What is the highest common divisor of 9 and u?
9
Let x(u) = u**3 - 16*u**2 + 15*u + 7. Let b be x(15). Calculate the greatest common divisor of 77 and b.
7
Let u(v) = -24*v - 29. Let n(g) = -8*g - 10. Let w(r) = -8*n(r) + 3*u(r). Let b be w(-5). Calculate the highest common divisor of b and 22.
11
Suppose k + 2*k - 37 = -2*n, -3*n = -5*k + 68. Suppose -3*t + k = -2*t. Let h be (-118)/(-8) + -2 + 1/4. What is the greatest common factor of t and h?
13
Let h(m) = 0*m - 10*m**3 + 3*m**3 + m. Let k(t) = -t**3 + 2*t**2 + 4*t - 4. Let d be k(3). Let y be h(d). Calculate the greatest common factor of y and 48.
6
Suppose -8 + 23 = 5*o. Let l(r) = 11*r